{"id":17801,"date":"2020-11-06T14:41:38","date_gmt":"2020-11-06T13:41:38","guid":{"rendered":"https:\/\/sito.cospesarese.it\/?page_id=17801"},"modified":"2024-08-20T16:57:48","modified_gmt":"2024-08-20T14:57:48","slug":"universita-ricerca","status":"publish","type":"page","link":"https:\/\/cospeslombardia.it\/arese\/servizi\/universita-ricerca\/","title":{"rendered":"Universit\u00e0 e Ricerca"},"content":{"rendered":"<div class=\"gb-container gb-container-64391086\"><div class=\"gb-inside-container\">\n<div class=\"gb-container gb-container-2fb42013\"><div class=\"gb-inside-container\">\n\n<p>Percorsi formativi e di tirocinio universitario. Attivit\u00e0 di ricerca sperimentale.<\/p>\n\n\n<div class=\"gb-grid-wrapper gb-grid-wrapper-09c3dee7\">\n<div class=\"gb-grid-column gb-grid-column-0bb6464e\"><div class=\"gb-container gb-container-0bb6464e\"><div class=\"gb-inside-container\">\n\n<h2 class=\"wp-block-heading\">Universit\u00e0 e Ricerca<\/h2>\n\n\n\n<blockquote class=\"wp-block-quote is-layout-flow wp-block-quote-is-layout-flow\">\n<p><em>\u201cQuando soffia il vento del cambiamento alcuni costruiscono muri, altri mulini a vento\u201d (Proverbio cinese)<\/em><\/p>\n<\/blockquote>\n\n<\/div><\/div><\/div>\n\n<div class=\"gb-grid-column gb-grid-column-f7fe65c0\"><div class=\"gb-container gb-container-f7fe65c0\"><div class=\"gb-inside-container\">\n\n<figure class=\"wp-block-image size-full\"><img loading=\"lazy\" decoding=\"async\" width=\"500\" height=\"500\" src=\"https:\/\/cospeslombardia.it\/arese\/wp-content\/uploads\/sites\/2\/arese\/2014\/05\/formazione_e_tirocini.png\" alt=\"\" class=\"wp-image-18662\" srcset=\"https:\/\/cospeslombardia.it\/arese\/wp-content\/uploads\/sites\/2\/arese\/2014\/05\/formazione_e_tirocini.png 500w, https:\/\/cospeslombardia.it\/arese\/wp-content\/uploads\/sites\/2\/arese\/2014\/05\/formazione_e_tirocini-300x300.png 300w, https:\/\/cospeslombardia.it\/arese\/wp-content\/uploads\/sites\/2\/arese\/2014\/05\/formazione_e_tirocini-150x150.png 150w\" sizes=\"(max-width: 500px) 100vw, 500px\" \/><\/figure>\n\n<\/div><\/div><\/div>\n<\/div>\n\n<div class=\"gb-grid-wrapper gb-grid-wrapper-f7730b15\">\n<div class=\"gb-grid-column gb-grid-column-c438e0f8\"><div class=\"gb-container gb-container-c438e0f8\"><div class=\"gb-inside-container\">\n\n<p>La formazione del tirocinante post lauream e l\u2019attivit\u00e0 di ricerca sono due ambiti interrelati in cui i professionisti del Cospes si sono specializzati negli anni.&nbsp;<\/p>\n\n\n\n<p><strong>Il tirocinio post lauream<\/strong> scelto e vissuto all\u2019interno del Cospes di Arese offre in primis la possibilit\u00e0 di approfondire conoscenze teoriche e universitarie in campo professionale con il sostegno e affiancando&nbsp;un tutor.&nbsp;<\/p>\n\n\n\n<p>Procedendo nel percorso formativo il tirocinante potr\u00e0 sperimentare il senso e l\u2019efficacia del lavoro in \u00e9quipe in cui condividere il proprio sapere in ambito psicologico. Inoltre, seguendo il tutor, potr\u00e0 veder attuato uno stile di relazione e di lavoro.<\/p>\n\n\n\n<p><strong>L\u2019ambito della ricerca<\/strong> sperimentale e sul campo \u00e8 sempre stata una possibilit\u00e0 soprattutto per quanto riguarda le aree dell\u2019orientamento e dei disturbi specifici dell\u2019apprendimento. Gli articoli prodotti sono stati pubblicati e presentati in alcuni convegni universitari del territorio nazionale.<\/p>\n\n\n\n<p><strong>UNIVERSIT\u00c0<\/strong> &#8211; Il Cospes \u00e8 convenzionato con le Universit\u00e0 di Milano e di altre sedi per lo svolgimento del tirocinio post-lauream della Facolt\u00e0 di Psicologia per quanto riguarda sia Albo A che Albo B. Al momento sono presenti cinque tutor.<\/p>\n\n\n\n<p>Per la consultazione dei progetti proposti \u00e8 possibile accedere all\u2019area del sito OPL <\/p>\n\n\n<div class=\"gb-button-wrapper gb-button-wrapper-096b4dda\">\n\n<a class=\"gb-button gb-button-893069e8 gb-button-text button\" href=\"https:\/\/tirocini.opl.it\/scheda-ente-pubblica.php?ide=251\" target=\"_blank\" rel=\"noopener noreferrer\">AREA OPL &#8211; PROGETTI TIROCINIO POST-LAUREAM<\/a>\n\n<\/div>\n\n\n<p><br>Studenti post lauream della facolt\u00e0 universitaria di Psicologia per ammissione all\u2019esame di stato per Albo A e B.<\/p>\n\n\n\n<p><strong>RICERCA<\/strong> \u2013 Una equipe specializzata e multidisciplinare negli anni ha strutturato dei disegni di ricerca e ha redatto articoli scientifici nelle aree che riguardano l\u2019<strong>orientamento scolastico-professionale<\/strong> e i <strong>disturbi specifici dell\u2019orientamento<\/strong>. Le attivit\u00e0 vengono svolte in collaborazione con l\u2019Universit\u00e0 Cattolica del Sacro Cuore di Milano. Gli articoli prodotti sono stati pubblicati e presentati in alcuni convegni universitari del territorio nazionale.<\/p>\n\n<\/div><\/div><\/div>\n\n<div class=\"gb-grid-column gb-grid-column-6d8cecc1\"><div class=\"gb-container gb-container-6d8cecc1\"><div class=\"gb-inside-container\"><\/div><\/div><\/div>\n<\/div>\n<\/div><\/div>\n<\/div><\/div>","protected":false},"excerpt":{"rendered":"<p>Percorsi formativi e di tirocinio universitario. Attivit\u00e0 di ricerca sperimentale.<\/p>\n","protected":false},"author":1,"featured_media":18477,"parent":3574,"menu_order":0,"comment_status":"closed","ping_status":"closed","template":"","meta":{"footnotes":""},"class_list":["post-17801","page","type-page","status-publish","has-post-thumbnail"],"aioseo_notices":[],"_links":{"self":[{"href":"https:\/\/cospeslombardia.it\/arese\/wp-json\/wp\/v2\/pages\/17801"}],"collection":[{"href":"https:\/\/cospeslombardia.it\/arese\/wp-json\/wp\/v2\/pages"}],"about":[{"href":"https:\/\/cospeslombardia.it\/arese\/wp-json\/wp\/v2\/types\/page"}],"author":[{"embeddable":true,"href":"https:\/\/cospeslombardia.it\/arese\/wp-json\/wp\/v2\/users\/1"}],"replies":[{"embeddable":true,"href":"https:\/\/cospeslombardia.it\/arese\/wp-json\/wp\/v2\/comments?post=17801"}],"version-history":[{"count":2,"href":"https:\/\/cospeslombardia.it\/arese\/wp-json\/wp\/v2\/pages\/17801\/revisions"}],"predecessor-version":[{"id":18736,"href":"https:\/\/cospeslombardia.it\/arese\/wp-json\/wp\/v2\/pages\/17801\/revisions\/18736"}],"up":[{"embeddable":true,"href":"https:\/\/cospeslombardia.it\/arese\/wp-json\/wp\/v2\/pages\/3574"}],"wp:featuredmedia":[{"embeddable":true,"href":"https:\/\/cospeslombardia.it\/arese\/wp-json\/wp\/v2\/media\/18477"}],"wp:attachment":[{"href":"https:\/\/cospeslombardia.it\/arese\/wp-json\/wp\/v2\/media?parent=17801"}],"curies":[{"name":"wp","href":"https:\/\/api.w.org\/{rel}","templated":true}]}}